{"id":7277,"date":"2025-05-24T20:35:46","date_gmt":"2025-05-24T23:35:46","guid":{"rendered":"https:\/\/melp.com.br\/?page_id=7277"},"modified":"2025-06-05T11:02:39","modified_gmt":"2025-06-05T14:02:39","slug":"disjuntoraltatensao","status":"publish","type":"page","link":"https:\/\/melp.com.br\/?page_id=7277","title":{"rendered":"disjuntores de alta tensao"},"content":{"rendered":"\t\t<div data-elementor-type=\"wp-page\" data-elementor-id=\"7277\" class=\"elementor elementor-7277\">\n\t\t\t\t<div class=\"elementor-element elementor-element-72261603 e-flex e-con-boxed e-con e-parent\" data-id=\"72261603\" data-element_type=\"container\" data-e-type=\"container\" data-settings=\"{&quot;background_background&quot;:&quot;classic&quot;}\">\n\t\t\t\t\t<div class=\"e-con-inner\">\n\t\t\t\t<div class=\"elementor-element elementor-element-572c299a elementor-widget elementor-widget-heading\" data-id=\"572c299a\" data-element_type=\"widget\" data-e-type=\"widget\" data-widget_type=\"heading.default\">\n\t\t\t\t\t<h2 class=\"elementor-heading-title elementor-size-default\"><p class=\"MsoNormal\">Montagem e Comissionamento de Equipamentos de Alta Tens\u00e3o em Subesta\u00e7\u00f5es\n<\/p><div><br><\/div><\/h2>\t\t\t\t<\/div>\n\t\t\t\t<div class=\"elementor-element elementor-element-714388ad elementor-widget elementor-widget-text-editor\" data-id=\"714388ad\" data-element_type=\"widget\" data-e-type=\"widget\" data-widget_type=\"text-editor.default\">\n\t\t\t\t\t\t\t\t\t<p><a href=\"#\">Home<\/a> \/ servi\u00e7os<\/p>\t\t\t\t\t\t\t\t<\/div>\n\t\t\t\t\t<\/div>\n\t\t\t\t<\/div>\n\t\t<div class=\"elementor-element elementor-element-d40c4af e-flex e-con-boxed e-con e-parent\" data-id=\"d40c4af\" data-element_type=\"container\" data-e-type=\"container\">\n\t\t\t\t\t<div class=\"e-con-inner\">\n\t\t<div class=\"elementor-element elementor-element-7f625c6 e-con-full e-flex e-con e-child\" data-id=\"7f625c6\" data-element_type=\"container\" data-e-type=\"container\">\n\t\t<div class=\"elementor-element elementor-element-55aa9e0 e-con-full e-flex e-con e-child\" data-id=\"55aa9e0\" data-element_type=\"container\" data-e-type=\"container\">\n\t\t<div class=\"elementor-element elementor-element-208f60d e-con-full e-flex e-con e-child\" data-id=\"208f60d\" data-element_type=\"container\" data-e-type=\"container\">\n\t\t<div class=\"elementor-element elementor-element-9211cbc e-con-full e-flex e-con e-child\" data-id=\"9211cbc\" data-element_type=\"container\" data-e-type=\"container\">\n\t\t\t\t<div class=\"elementor-element elementor-element-e26c56a elementor-widget elementor-widget-heading\" data-id=\"e26c56a\" data-element_type=\"widget\" data-e-type=\"widget\" data-widget_type=\"heading.default\">\n\t\t\t\t\t<div class=\"elementor-heading-title elementor-size-default\">Melp engenharia <\/div>\t\t\t\t<\/div>\n\t\t\t\t<div class=\"elementor-element elementor-element-38fc1e9 animated-slow elementor-invisible elementor-widget elementor-widget-heading\" data-id=\"38fc1e9\" data-element_type=\"widget\" data-e-type=\"widget\" data-settings=\"{&quot;_animation&quot;:&quot;fadeInUp&quot;}\" data-widget_type=\"heading.default\">\n\t\t\t\t\t<h3 class=\"elementor-heading-title elementor-size-default\">Montagem e comissionamento de equipamentos de alta tens\u00e3o<\/h3>\t\t\t\t<\/div>\n\t\t\t\t<div class=\"elementor-element elementor-element-c3c3643 elementor-vertical-align-middle elementor-widget elementor-widget-image-box\" data-id=\"c3c3643\" data-element_type=\"widget\" data-e-type=\"widget\" data-widget_type=\"image-box.default\">\n\t\t\t\t\t<div class=\"elementor-image-box-wrapper\"><div class=\"elementor-image-box-content\"><p class=\"elementor-image-box-description\">A MELP Engenharia executa servi\u00e7os completos de montagem e comissionamento de equipamentos de alta tens\u00e3o em subesta\u00e7\u00f5es, atendendo rigorosamente \u00e0s normas t\u00e9cnicas vigentes (NBR 14039, NBR 5410, NBR 5356, entre outras) e \u00e0s especifica\u00e7\u00f5es dos fabricantes.\n<div><br><\/div><\/p><\/div><\/div>\t\t\t\t<\/div>\n\t\t<div class=\"elementor-element elementor-element-d318e47 e-con-full e-grid e-con e-child\" data-id=\"d318e47\" data-element_type=\"container\" data-e-type=\"container\">\n\t\t\t\t<div class=\"elementor-element elementor-element-227876d elementor-view-default elementor-position-block-start elementor-mobile-position-block-start elementor-widget elementor-widget-icon-box\" data-id=\"227876d\" data-element_type=\"widget\" data-e-type=\"widget\" data-widget_type=\"icon-box.default\">\n\t\t\t\t\t\t\t<div class=\"elementor-icon-box-wrapper\">\n\n\t\t\t\t\t\t<div class=\"elementor-icon-box-icon\">\n\t\t\t\t<span  class=\"elementor-icon\">\n\t\t\t\t<svg aria-hidden=\"true\" class=\"e-font-icon-svg e-fas-thermometer-quarter\" viewBox=\"0 0 256 512\" xmlns=\"http:\/\/www.w3.org\/2000\/svg\"><path d=\"M192 384c0 35.346-28.654 64-64 64s-64-28.654-64-64c0-23.685 12.876-44.349 32-55.417V288c0-17.673 14.327-32 32-32s32 14.327 32 32v40.583c19.124 11.068 32 31.732 32 55.417zm32-84.653c19.912 22.563 32 52.194 32 84.653 0 70.696-57.303 128-128 128-.299 0-.609-.001-.909-.003C56.789 511.509-.357 453.636.002 383.333.166 351.135 12.225 321.755 32 299.347V96c0-53.019 42.981-96 96-96s96 42.981 96 96v203.347zM208 384c0-34.339-19.37-52.19-32-66.502V96c0-26.467-21.533-48-48-48S80 69.533 80 96v221.498c-12.732 14.428-31.825 32.1-31.999 66.08-.224 43.876 35.563 80.116 79.423 80.42L128 464c44.112 0 80-35.888 80-80z\"><\/path><\/svg>\t\t\t\t<\/span>\n\t\t\t<\/div>\n\t\t\t\n\t\t\t\t\t\t<div class=\"elementor-icon-box-content\">\n\n\t\t\t\t\t\t\t\t\t<h4 class=\"elementor-icon-box-title\">\n\t\t\t\t\t\t<span  >\n\t\t\t\t\t\t\tTratamento de Equipamentos com Termovacuo\t\t\t\t\t\t<\/span>\n\t\t\t\t\t<\/h4>\n\t\t\t\t\n\t\t\t\t\t\t\t\t\t<p class=\"elementor-icon-box-description\">\n\t\t\t\t\t\t<p style=\"text-align:;line-height: 1.6;font-size: 16px\">\n - Enchimento de transformadores de pot\u00eancia com \u00f3leo isolante, utilizando sistema de termovacuo para garantir a m\u00e1xima remo\u00e7\u00e3o de umidade e bolhas de ar, assegurando o desempenho diel\u00e9trico.\n<\/p>\n\n<p style=\"text-align:;line-height: 1.6;font-size: 16px\">\n  - Aferi\u00e7\u00e3o do instrumental f\u00edsico dos transformadores (term\u00f4metros, indicadores de n\u00edvel, pressostatos, v\u00e1lvulas de al\u00edvio, buchas e outros acess\u00f3rios), com ajustes e calibra\u00e7\u00f5es conforme especifica\u00e7\u00f5es t\u00e9cnicas.\n<\/p>\n\t\t\t\t\t<\/p>\n\t\t\t\t\n\t\t\t<\/div>\n\t\t\t\n\t\t<\/div>\n\t\t\t\t\t\t<\/div>\n\t\t\t\t<div class=\"elementor-element elementor-element-3a9ee68 elementor-view-default elementor-position-block-start elementor-mobile-position-block-start elementor-widget elementor-widget-icon-box\" data-id=\"3a9ee68\" data-element_type=\"widget\" data-e-type=\"widget\" data-widget_type=\"icon-box.default\">\n\t\t\t\t\t\t\t<div class=\"elementor-icon-box-wrapper\">\n\n\t\t\t\t\t\t<div class=\"elementor-icon-box-icon\">\n\t\t\t\t<span  class=\"elementor-icon\">\n\t\t\t\t<svg aria-hidden=\"true\" class=\"e-font-icon-svg e-fab-searchengin\" viewBox=\"0 0 460 512\" xmlns=\"http:\/\/www.w3.org\/2000\/svg\"><path d=\"M220.6 130.3l-67.2 28.2V43.2L98.7 233.5l54.7-24.2v130.3l67.2-209.3zm-83.2-96.7l-1.3 4.7-15.2 52.9C80.6 106.7 52 145.8 52 191.5c0 52.3 34.3 95.9 83.4 105.5v53.6C57.5 340.1 0 272.4 0 191.6c0-80.5 59.8-147.2 137.4-158zm311.4 447.2c-11.2 11.2-23.1 12.3-28.6 10.5-5.4-1.8-27.1-19.9-60.4-44.4-33.3-24.6-33.6-35.7-43-56.7-9.4-20.9-30.4-42.6-57.5-52.4l-9.7-14.7c-24.7 16.9-53 26.9-81.3 28.7l2.1-6.6 15.9-49.5c46.5-11.9 80.9-54 80.9-104.2 0-54.5-38.4-102.1-96-107.1V32.3C254.4 37.4 320 106.8 320 191.6c0 33.6-11.2 64.7-29 90.4l14.6 9.6c9.8 27.1 31.5 48 52.4 57.4s32.2 9.7 56.8 43c24.6 33.2 42.7 54.9 44.5 60.3s.7 17.3-10.5 28.5zm-9.9-17.9c0-4.4-3.6-8-8-8s-8 3.6-8 8 3.6 8 8 8 8-3.6 8-8z\"><\/path><\/svg>\t\t\t\t<\/span>\n\t\t\t<\/div>\n\t\t\t\n\t\t\t\t\t\t<div class=\"elementor-icon-box-content\">\n\n\t\t\t\t\t\t\t\t\t<h4 class=\"elementor-icon-box-title\">\n\t\t\t\t\t\t<span  >\n\t\t\t\t\t\t\tEnsaios e Testes El\u00e9tricos\t\t\t\t\t\t<\/span>\n\t\t\t\t\t<\/h4>\n\t\t\t\t\n\t\t\t\t\t\t\t\t\t<p class=\"elementor-icon-box-description\">\n\t\t\t\t\t\t<p style=\"text-align:;line-height: 1.6;font-size: 16px\">\n  - Ensaios de isola\u00e7\u00e3o e resist\u00eancia \u00f4hmica.\n<\/p>\n\n<p style=\"text-align:;line-height: 1.6;font-size: 16px\">\n  - Ensaios de rela\u00e7\u00e3o de transforma\u00e7\u00e3o e polaridade em TCs\/TPs.\n<\/p>\n\n<p style=\"text-align:;line-height: 1.6;font-size: 16px\">\n  - Ensaios din\u00e2micos (oscilografagem), manobra de disjuntores e verifica\u00e7\u00e3o funcional.\n<\/p>\n\n<p style=\"text-align:;line-height: 1.6;font-size: 16px\">\n  - An\u00e1lise de g\u00e1s SF6 em equipamentos isolados a g\u00e1s (GIS).\n<\/p>\n\t\t\t\t\t<\/p>\n\t\t\t\t\n\t\t\t<\/div>\n\t\t\t\n\t\t<\/div>\n\t\t\t\t\t\t<\/div>\n\t\t\t\t<div class=\"elementor-element elementor-element-df6cb73 elementor-view-default elementor-position-block-start elementor-mobile-position-block-start elementor-widget elementor-widget-icon-box\" data-id=\"df6cb73\" data-element_type=\"widget\" data-e-type=\"widget\" data-widget_type=\"icon-box.default\">\n\t\t\t\t\t\t\t<div class=\"elementor-icon-box-wrapper\">\n\n\t\t\t\t\t\t<div class=\"elementor-icon-box-icon\">\n\t\t\t\t<span  class=\"elementor-icon\">\n\t\t\t\t<i aria-hidden=\"true\" class=\"rtmicon-thin rtmicon-engineering\"><\/i>\t\t\t\t<\/span>\n\t\t\t<\/div>\n\t\t\t\n\t\t\t\t\t\t<div class=\"elementor-icon-box-content\">\n\n\t\t\t\t\t\t\t\t\t<h4 class=\"elementor-icon-box-title\">\n\t\t\t\t\t\t<span  >\n\t\t\t\t\t\t\tMontagem Eletromec\u00e2nica\t\t\t\t\t\t<\/span>\n\t\t\t\t\t<\/h4>\n\t\t\t\t\n\t\t\t\t\t\t\t\t\t<p class=\"elementor-icon-box-description\">\n\t\t\t\t\t\t<p style=\"text-align:;line-height: 1.6;font-size: 16px\">\n  - Posicionamento, fixa\u00e7\u00e3o e alinhamento de transformadores, disjuntores, seccionadoras, TC\/TP, religadores e outros.\n<\/p>\n\n<p style=\"text-align:;line-height: 1.6;font-size: 16px\">\n  - Instala\u00e7\u00e3o de barramentos r\u00edgidos e flex\u00edveis, suportes e estruturas met\u00e1licas.\n<\/p>\n\t\t\t\t\t<\/p>\n\t\t\t\t\n\t\t\t<\/div>\n\t\t\t\n\t\t<\/div>\n\t\t\t\t\t\t<\/div>\n\t\t\t\t<\/div>\n\t\t\t\t<div class=\"elementor-element elementor-element-05d16ac elementor-view-default elementor-position-block-start elementor-mobile-position-block-start elementor-widget elementor-widget-icon-box\" data-id=\"05d16ac\" data-element_type=\"widget\" data-e-type=\"widget\" data-widget_type=\"icon-box.default\">\n\t\t\t\t\t\t\t<div class=\"elementor-icon-box-wrapper\">\n\n\t\t\t\t\t\t<div class=\"elementor-icon-box-icon\">\n\t\t\t\t<span  class=\"elementor-icon\">\n\t\t\t\t<i aria-hidden=\"true\" class=\"rtmicon-thin rtmicon-horizontal-progress-bar\"><\/i>\t\t\t\t<\/span>\n\t\t\t<\/div>\n\t\t\t\n\t\t\t\t\t\t<div class=\"elementor-icon-box-content\">\n\n\t\t\t\t\t\t\t\t\t<h4 class=\"elementor-icon-box-title\">\n\t\t\t\t\t\t<span  >\n\t\t\t\t\t\t\tComissionamento e Parametriza\u00e7\u00e3o\t\t\t\t\t\t<\/span>\n\t\t\t\t\t<\/h4>\n\t\t\t\t\n\t\t\t\t\t\t\t\t\t<p class=\"elementor-icon-box-description\">\n\t\t\t\t\t\t<p style=\"text-align: justify;line-height: 1.6;font-size: 16px\">\n  - Configura\u00e7\u00e3o e ajuste de rel\u00e9s de prote\u00e7\u00e3o, sistemas de supervis\u00e3o e controle (SCADA).\n<\/p>\n\n<p style=\"text-align: justify;line-height: 1.6;font-size: 16px\">\n  - Testes de intertravamentos e l\u00f3gicas de comando e prote\u00e7\u00e3o.\n<\/p>\n\n<p style=\"text-align: justify;line-height: 1.6;font-size: 16px\">\n  - Execu\u00e7\u00e3o de testes de funcionalidade dos sistemas de supervis\u00e3o e controle remoto.\n<\/p>\n\n<p style=\"text-align: justify;line-height: 1.6;font-size: 16px\">\n  - Elabora\u00e7\u00e3o e execu\u00e7\u00e3o de procedimentos de energiza\u00e7\u00e3o, sempre em conformidade com as normas de seguran\u00e7a (NR-10 e NR-35).\n<\/p>\n\t\t\t\t\t<\/p>\n\t\t\t\t\n\t\t\t<\/div>\n\t\t\t\n\t\t<\/div>\n\t\t\t\t\t\t<\/div>\n\t\t\t\t<div class=\"elementor-element elementor-element-eb14d0f elementor-view-default elementor-position-block-start elementor-mobile-position-block-start elementor-widget elementor-widget-icon-box\" data-id=\"eb14d0f\" data-element_type=\"widget\" data-e-type=\"widget\" data-widget_type=\"icon-box.default\">\n\t\t\t\t\t\t\t<div class=\"elementor-icon-box-wrapper\">\n\n\t\t\t\t\t\t<div class=\"elementor-icon-box-icon\">\n\t\t\t\t<span  class=\"elementor-icon\">\n\t\t\t\t<i aria-hidden=\"true\" class=\"icon icon-Document-Search\"><\/i>\t\t\t\t<\/span>\n\t\t\t<\/div>\n\t\t\t\n\t\t\t\t\t\t<div class=\"elementor-icon-box-content\">\n\n\t\t\t\t\t\t\t\t\t<h4 class=\"elementor-icon-box-title\">\n\t\t\t\t\t\t<span  >\n\t\t\t\t\t\t\tDocumenta\u00e7\u00e3o T\u00e9cnica e Laudos\t\t\t\t\t\t<\/span>\n\t\t\t\t\t<\/h4>\n\t\t\t\t\n\t\t\t\t\t\t\t\t\t<p class=\"elementor-icon-box-description\">\n\t\t\t\t\t\t<p style=\"text-align: justify;line-height: 1.6;font-size: 16px\"> - Elabora\u00e7\u00e3o de relat\u00f3rios t\u00e9cnicos detalhados, contendo todos os registros de ensaios, ajustes e inspe\u00e7\u00f5es realizadas.\n<\/p>\n\n<p style=\"text-align: justify;line-height: 1.6;font-size: 16px\"> - Emiss\u00e3o de ART e documenta\u00e7\u00e3o \u201cas built\u201d para entrega ao cliente.\n<\/p>\n\n<p style=\"text-align: justify;line-height: 1.6;font-size: 16px\">- A MELP Engenharia conta com equipe t\u00e9cnica qualificada e equipamentos de medi\u00e7\u00e3o e ensaio certificados e calibrados, garantindo qualidade, confiabilidade e seguran\u00e7a em todas as etapas\u00a0dos\u00a0trabalhos.\t\t\t\t\t<\/p>\n\t\t\t\t\n\t\t\t<\/div>\n\t\t\t\n\t\t<\/div>\n\t\t\t\t\t\t<\/div>\n\t\t\t\t<\/div>\n\t\t\t\t<\/div>\n\t\t<div class=\"elementor-element elementor-element-fafe120 e-con-full e-flex e-con e-child\" data-id=\"fafe120\" data-element_type=\"container\" data-e-type=\"container\">\n\t\t\t\t<div class=\"elementor-element elementor-element-51c218d elementor-widget elementor-widget-image\" data-id=\"51c218d\" data-element_type=\"widget\" data-e-type=\"widget\" data-widget_type=\"image.default\">\n\t\t\t\t\t\t\t\t\t\t\t\t\t\t\t<img fetchpriority=\"high\" decoding=\"async\" width=\"800\" height=\"600\" src=\"https:\/\/melp.com.br\/wp-content\/uploads\/2025\/06\/WhatsApp-Image-2025-02-26-at-16.36.19-1024x768.jpeg\" class=\"attachment-large size-large wp-image-7403\" alt=\"\" srcset=\"https:\/\/melp.com.br\/wp-content\/uploads\/2025\/06\/WhatsApp-Image-2025-02-26-at-16.36.19-1024x768.jpeg 1024w, https:\/\/melp.com.br\/wp-content\/uploads\/2025\/06\/WhatsApp-Image-2025-02-26-at-16.36.19-300x225.jpeg 300w, https:\/\/melp.com.br\/wp-content\/uploads\/2025\/06\/WhatsApp-Image-2025-02-26-at-16.36.19-768x576.jpeg 768w, https:\/\/melp.com.br\/wp-content\/uploads\/2025\/06\/WhatsApp-Image-2025-02-26-at-16.36.19.jpeg 1280w\" sizes=\"(max-width: 800px) 100vw, 800px\" \/>\t\t\t\t\t\t\t\t\t\t\t\t\t\t\t<\/div>\n\t\t\t\t<div class=\"elementor-element elementor-element-298ced0 elementor-widget elementor-widget-image\" data-id=\"298ced0\" data-element_type=\"widget\" data-e-type=\"widget\" data-widget_type=\"image.default\">\n\t\t\t\t\t\t\t\t\t\t\t\t\t\t\t<img decoding=\"async\" width=\"576\" height=\"1024\" src=\"https:\/\/melp.com.br\/wp-content\/uploads\/2025\/06\/IMG-20250513-WA0023-1-576x1024.jpg\" class=\"attachment-large size-large wp-image-7404\" alt=\"\" srcset=\"https:\/\/melp.com.br\/wp-content\/uploads\/2025\/06\/IMG-20250513-WA0023-1-576x1024.jpg 576w, https:\/\/melp.com.br\/wp-content\/uploads\/2025\/06\/IMG-20250513-WA0023-1-169x300.jpg 169w, https:\/\/melp.com.br\/wp-content\/uploads\/2025\/06\/IMG-20250513-WA0023-1-768x1365.jpg 768w, https:\/\/melp.com.br\/wp-content\/uploads\/2025\/06\/IMG-20250513-WA0023-1-864x1536.jpg 864w, https:\/\/melp.com.br\/wp-content\/uploads\/2025\/06\/IMG-20250513-WA0023-1-1152x2048.jpg 1152w, https:\/\/melp.com.br\/wp-content\/uploads\/2025\/06\/IMG-20250513-WA0023-1-scaled.jpg 1440w\" sizes=\"(max-width: 576px) 100vw, 576px\" \/>\t\t\t\t\t\t\t\t\t\t\t\t\t\t\t<\/div>\n\t\t\t\t<\/div>\n\t\t\t\t<\/div>\n\t\t\t\t<\/div>\n\t\t\t\t\t<\/div>\n\t\t\t\t<\/div>\n\t\t<div class=\"elementor-element elementor-element-dffa42f e-flex e-con-boxed e-con e-parent\" data-id=\"dffa42f\" data-element_type=\"container\" data-e-type=\"container\">\n\t\t\t\t\t<div class=\"e-con-inner\">\n\t\t\t\t<div class=\"elementor-element elementor-element-4bbf9be elementor-skin-coverflow elementor-arrows-yes elementor-pagination-type-bullets elementor-pagination-position-outside elementor-widget elementor-widget-media-carousel\" data-id=\"4bbf9be\" data-element_type=\"widget\" data-e-type=\"widget\" data-settings=\"{&quot;skin&quot;:&quot;coverflow&quot;,&quot;show_arrows&quot;:&quot;yes&quot;,&quot;pagination&quot;:&quot;bullets&quot;,&quot;speed&quot;:500,&quot;autoplay&quot;:&quot;yes&quot;,&quot;autoplay_speed&quot;:5000,&quot;loop&quot;:&quot;yes&quot;,&quot;pause_on_hover&quot;:&quot;yes&quot;,&quot;pause_on_interaction&quot;:&quot;yes&quot;,&quot;space_between&quot;:{&quot;unit&quot;:&quot;px&quot;,&quot;size&quot;:10,&quot;sizes&quot;:[]},&quot;space_between_tablet&quot;:{&quot;unit&quot;:&quot;px&quot;,&quot;size&quot;:10,&quot;sizes&quot;:[]},&quot;space_between_mobile&quot;:{&quot;unit&quot;:&quot;px&quot;,&quot;size&quot;:10,&quot;sizes&quot;:[]}}\" data-widget_type=\"media-carousel.default\">\n\t\t\t\t<div class=\"elementor-widget-container\">\n\t\t\t\t\t\t\t<div class=\"elementor-swiper\">\n\t\t\t<div class=\"elementor-main-swiper swiper-container\">\n\t\t\t\t<div class=\"swiper-wrapper\">\n\t\t\t\t\t\t\t\t\t\t\t<div class=\"swiper-slide\">\n\t\t\t\t\t\t\t\t\t<div class=\"elementor-carousel-image\" style=\"background-image: url(https:\/\/melp.com.br\/wp-content\/uploads\/2025\/06\/WhatsApp-Image-2025-02-26-at-16.36.19.jpeg)\">\n\t\t\t\t\t<\/div>\n\t\t\t\t\t\t\t\t<\/div>\n\t\t\t\t\t\t\t\t\t\t\t<div class=\"swiper-slide\">\n\t\t\t\t\t\t\t\t\t<div class=\"elementor-carousel-image\" style=\"background-image: url(https:\/\/melp.com.br\/wp-content\/uploads\/2025\/06\/IMG-20250513-WA0023-1-scaled.jpg)\">\n\t\t\t\t\t<\/div>\n\t\t\t\t\t\t\t\t<\/div>\n\t\t\t\t\t\t\t\t\t\t\t<div class=\"swiper-slide\">\n\t\t\t\t\t\t\t\t\t<div class=\"elementor-carousel-image\" style=\"background-image: url(https:\/\/melp.com.br\/wp-content\/uploads\/2025\/06\/WhatsApp-Image-2024-12-10-at-10.33.27.jpeg)\">\n\t\t\t\t\t<\/div>\n\t\t\t\t\t\t\t\t<\/div>\n\t\t\t\t\t\t\t\t\t\t\t<div class=\"swiper-slide\">\n\t\t\t\t\t\t\t\t\t<div class=\"elementor-carousel-image\" style=\"background-image: url(https:\/\/melp.com.br\/wp-content\/uploads\/2025\/06\/IMG-20250513-WA0036-scaled.jpg)\">\n\t\t\t\t\t<\/div>\n\t\t\t\t\t\t\t\t<\/div>\n\t\t\t\t\t\t\t\t\t\t\t<div class=\"swiper-slide\">\n\t\t\t\t\t\t\t\t\t<div class=\"elementor-carousel-image\" style=\"background-image: url(https:\/\/melp.com.br\/wp-content\/uploads\/2025\/06\/WhatsApp-Image-2025-02-26-at-16.36.20.jpeg)\">\n\t\t\t\t\t<\/div>\n\t\t\t\t\t\t\t\t<\/div>\n\t\t\t\t\t\t\t\t\t<\/div>\n\t\t\t\t\t\t\t\t\t\t\t\t\t\t\t<div class=\"swiper-pagination\"><\/div>\n\t\t\t\t\t\t\t\t\t\t\t\t\t\t\t\t<div class=\"elementor-swiper-button elementor-swiper-button-prev\">\n\t\t\t\t\t\t\t<svg aria-hidden=\"true\" class=\"e-font-icon-svg e-eicon-chevron-left\" viewBox=\"0 0 1000 1000\" xmlns=\"http:\/\/www.w3.org\/2000\/svg\"><path d=\"M646 125C629 125 613 133 604 142L308 442C296 454 292 471 292 487 292 504 296 521 308 533L604 854C617 867 629 875 646 875 663 875 679 871 692 858 704 846 713 829 713 812 713 796 708 779 692 767L438 487 692 225C700 217 708 204 708 187 708 171 704 154 692 142 675 129 663 125 646 125Z\"><\/path><\/svg>\t\t\t\t\t\t\t<span class=\"elementor-screen-only\">Previous<\/span>\n\t\t\t\t\t\t<\/div>\n\t\t\t\t\t\t<div class=\"elementor-swiper-button elementor-swiper-button-next\">\n\t\t\t\t\t\t\t<svg aria-hidden=\"true\" class=\"e-font-icon-svg e-eicon-chevron-right\" viewBox=\"0 0 1000 1000\" xmlns=\"http:\/\/www.w3.org\/2000\/svg\"><path d=\"M696 533C708 521 713 504 713 487 713 471 708 454 696 446L400 146C388 133 375 125 354 125 338 125 325 129 313 142 300 154 292 171 292 187 292 204 296 221 308 233L563 492 304 771C292 783 288 800 288 817 288 833 296 850 308 863 321 871 338 875 354 875 371 875 388 867 400 854L696 533Z\"><\/path><\/svg>\t\t\t\t\t\t\t<span class=\"elementor-screen-only\">Next<\/span>\n\t\t\t\t\t\t<\/div>\n\t\t\t\t\t\t\t\t\t\t\t\t<\/div>\n\t\t<\/div>\n\t\t\t\t\t\t<\/div>\n\t\t\t\t<\/div>\n\t\t\t\t\t<\/div>\n\t\t\t\t<\/div>\n\t\t<div class=\"elementor-element elementor-element-085a439 e-flex e-con-boxed e-con e-parent\" data-id=\"085a439\" data-element_type=\"container\" data-e-type=\"container\">\n\t\t\t\t\t<div class=\"e-con-inner\">\n\t\t\t\t\t<\/div>\n\t\t\t\t<\/div>\n\t\t<div class=\"elementor-element elementor-element-3dce3763 e-flex e-con-boxed e-con e-parent\" data-id=\"3dce3763\" data-element_type=\"container\" data-e-type=\"container\" data-settings=\"{&quot;background_background&quot;:&quot;classic&quot;}\">\n\t\t\t\t\t<div class=\"e-con-inner\">\n\t\t\t\t<div class=\"elementor-element elementor-element-43632606 elementor-widget elementor-widget-heading\" data-id=\"43632606\" data-element_type=\"widget\" data-e-type=\"widget\" data-widget_type=\"heading.default\">\n\t\t\t\t\t<h3 class=\"elementor-heading-title elementor-size-default\">Fale agora com um especialista<\/h3>\t\t\t\t<\/div>\n\t\t\t\t<div class=\"elementor-element elementor-element-7dfad108 elementor-widget elementor-widget-button\" data-id=\"7dfad108\" data-element_type=\"widget\" data-e-type=\"widget\" data-widget_type=\"button.default\">\n\t\t\t\t\t\t\t\t\t\t<a class=\"elementor-button elementor-button-link elementor-size-sm\" href=\"#\">\n\t\t\t\t\t\t<span class=\"elementor-button-content-wrapper\">\n\t\t\t\t\t\t\t\t\t<span class=\"elementor-button-text\">Falar com especialista<\/span>\n\t\t\t\t\t<\/span>\n\t\t\t\t\t<\/a>\n\t\t\t\t\t\t\t\t<\/div>\n\t\t\t\t\t<\/div>\n\t\t\t\t<\/div>\n\t\t\t\t<\/div>\n\t\t","protected":false},"excerpt":{"rendered":"<p>Montagem e Comissionamento de Equipamentos de Alta Tens\u00e3o em Subesta\u00e7\u00f5es Home \/ servi\u00e7os Melp engenharia Montagem e comissionamento de equipamentos de alta tens\u00e3o A MELP Engenharia executa servi\u00e7os completos de montagem e comissionamento de equipamentos de alta tens\u00e3o em subesta\u00e7\u00f5es, atendendo rigorosamente \u00e0s normas t\u00e9cnicas vigentes (NBR 14039, NBR 5410, NBR 5356, entre outras) e [&hellip;]<\/p>\n","protected":false},"author":1,"featured_media":0,"parent":0,"menu_order":0,"comment_status":"closed","ping_status":"closed","template":"elementor_header_footer","meta":{"footnotes":""},"class_list":["post-7277","page","type-page","status-publish","hentry"],"_links":{"self":[{"href":"https:\/\/melp.com.br\/index.php?rest_route=\/wp\/v2\/pages\/7277","targetHints":{"allow":["GET"]}}],"collection":[{"href":"https:\/\/melp.com.br\/index.php?rest_route=\/wp\/v2\/pages"}],"about":[{"href":"https:\/\/melp.com.br\/index.php?rest_route=\/wp\/v2\/types\/page"}],"author":[{"embeddable":true,"href":"https:\/\/melp.com.br\/index.php?rest_route=\/wp\/v2\/users\/1"}],"replies":[{"embeddable":true,"href":"https:\/\/melp.com.br\/index.php?rest_route=%2Fwp%2Fv2%2Fcomments&post=7277"}],"version-history":[{"count":27,"href":"https:\/\/melp.com.br\/index.php?rest_route=\/wp\/v2\/pages\/7277\/revisions"}],"predecessor-version":[{"id":7640,"href":"https:\/\/melp.com.br\/index.php?rest_route=\/wp\/v2\/pages\/7277\/revisions\/7640"}],"wp:attachment":[{"href":"https:\/\/melp.com.br\/index.php?rest_route=%2Fwp%2Fv2%2Fmedia&parent=7277"}],"curies":[{"name":"wp","href":"https:\/\/api.w.org\/{rel}","templated":true}]}}